at is 15 - 13635?
-13620
In base 15, what is -1578b + 3?
-15788
In base 4, what is -1 - -33?
32
In base 14, what is -7b2 + -4?
-7b6
In base 13, what is -10c55 + -7?
-10c5c
In base 9, what is 2411644 - 5?
2411638
In base 2, what is 10000010011000 + 1010000100?
10001100011100
In base 16, what is -3f77 - -4?
-3f73
In base 2, what is -101 + 1011001100001001101?
1011001100001001000
In base 2, what is 11 + 110000101110001?
110000101110100
In base 6, what is -113210 - 50?
-113300
In base 6, what is -2442 - -20415?
13533
In base 14, what is 20d - 168?
85
In base 7, what is -1 + 1141205?
1141204
In base 10, what is -936 - -16?
-920
In base 12, what is -1 - 268b?
-2690
In base 11, what is -4789a - 2?
-478a1
In base 12, what is -2 + 4a101?
4a0bb
In base 11, what is 2 - -19723?
19725
In base 14, what is 39 + 123?
15c
In base 11, what is 2409 + 166?
2574
In base 11, what is -3 - -790?
788
In base 12, what is -3a - -7aa?
770
In base 7, what is 0 - -165546?
165546
In base 13, what is -1115 - 8?
-1120
In base 12, what is 57b16 - 0?
57b16
In base 4, what is -20110 + -311?
-21021
In base 6, what is 1211 + -45?
1122
In base 7, what is -3100 - 21?
-3121
In base 13, what is -b674 + 7c?
-b5c5
In base 4, what is -31 + 112223?
112132
In base 13, what is a73 - -44a?
11c0
In base 11, what is 4650 + -12?
4639
In base 10, what is 39 + 16209?
16248
In base 16, what is -b3 + 48?
-6b
In base 5, what is -1121104 - 2?
-1121111
In base 2, what is 1011101110000111110000 + 101?
1011101110000111110101
In base 6, what is -2 + 212305?
212303
In base 16, what is -231a0 + -7?
-231a7
In base 6, what is 14 - 1225544?
-1225530
In base 9, what is 5137502 - -3?
5137505
In base 5, what is 34140133 - 0?
34140133
In base 2, what is -111000 - -101110100?
100111100
In base 7, what is -12530 + 1?
-12526
In base 13, what is -6c236c - 5?
-6c2374
In base 12, what is -157458 + 0?
-157458
In base 4, what is -101031 - 11?
-101102
In base 10, what is 4 + 6450?
6454
In base 4, what is -12 + -331312212?
-331312230
In base 11, what is -20612 + 4?
-20609
In base 2, what is -100 + 100010011000101011011?
100010011000101010111
In base 4, what is 123112 - -10?
123122
In base 14, what is 13 + 998?
9ab
In base 14, what is -1494 - 24?
-14b8
In base 8, what is -6640 + 12?
-6626
In base 3, what is 10202 + -10200212?
-10120010
In base 15, what is 5 - 34623?
-3461d
In base 12, what is 49 - 40?
9
In base 15, what is -1c6c + -7e?
-1ceb
In base 10, what is -2 + 118032?
118030
In base 15, what is -1ea + c7?
-123
In base 13, what is 12a8 - 366?
c42
In base 5, what is -1020140 - 102?
-1020242
In base 3, what is -2 - -121211020121?
121211020112
In base 6, what is 302 - 25250?
-24544
In base 14, what is 40 + 96?
d6
In base 10, what is 29 - 2066?
-2037
In base 3, what is -120 + 1121012002?
1121011112
In base 15, what is -e90a - c?
-e917
In base 13, what is 6 - 1a41?
-1a38
In base 6, what is 10 - 114144?
-114134
In base 15, what is -dab6 + -2?
-dab8
In base 16, what is -1 + -8fca?
-8fcb
In base 2, what is -1110001 - 111001101001?
-111011011010
In base 7, what is 326460 - -4?
326464
In base 10, what is 40565 - 1?
40564
In base 6, what is 21250 - -2221?
23511
In base 9, what is 6 - 13101?
-13084
In base 11, what is -1 - -6391?
6390
In base 12, what is b71 + -1565?
-5b4
In base 8, what is 415 - -60?
475
In base 6, what is -3345 - 14?
-3403
In base 2, what is -10010010111111100 + 1?
-10010010111111011
In base 10, what is -41 + -74536?
-74577
In base 2, what is -100010110010000 + 110?
-100010110001010
In base 3, what is -122222012 - 2?
-122222021
In base 5, what is -10 + 3204101?
3204041
In base 5, what is -3103 + -32413?
-41021
In base 11, what is 186 - -8?
193
In base 14, what is c - 419b8?
-419aa
In base 3, what is 120001 + 2111?
122112
In base 7, what is 0 + -5053421?
-5053421
In base 16, what is -1 - -24cc?
24cb
In base 11, what is a9a + 360?
134a
In base 8, what is -71 - 20504?
-20575
In base 8, what is -3017 + -303?
-3322
In base 4, what is -130200 - -112?
-130022
In base 2, what is 10111001100 - 1110010?
10101011010
In base 3, what is -2201200 + 12?
-2201111
In base 6, what is 11331 + 100?
11431
In base 9, what is -180114 - -46?
-180057
In base 16, what is 4ce2 + -4d?
4c95
In base 7, what is 4655 + 4?
4662
In base 12, what is -55676 - 4?
-5567a
In base 12, what is -77b3 - -34?
-777b
In base 9, what is 202551 - 4?
202546
In base 10, what is 417 + 72?
489
In base 14, what is d6 + 178c?
1884
In base 2, what is -1000000001 + 11010?
-111100111
In base 7, what is 1321433 - -20?
1321453
In base 11, what is a0288 - -5?
a0292
In base 11, what is -1a + 275?
256
In base 10, what is -602701 - -5?
-602696
In base 12, what is 39 + 2167?
21a4
In base 2, what is 11 + -1000010000011110?
-1000010000011011
In base 6, what is -5 + -15120305?
-15120314
In base 10, what is 349629 + 10?
349639
In base 10, what is -37615 + 22?
-37593
In base 13, what is 25 + -262?
-23a
In base 7, what is -26 - -1441442?
1441413
In base 10, what is 251549 + 1?
251550
In base 3, what is -1011 - -2021221122?
2021220111
In base 15, what is 4 + -2028?
-2024
In base 5, what is 102223 - -4?
102232
In base 5, what is 1 - 132340?
-132334
In base 12, what is 2 + -456209?
-456207
In base 5, what is 43220 - 31?
43134
In base 13, what is -4 - 12351?
-12355
In base 7, what is 120 - -1654?
2104
In base 13, what is 0 + -1a08?
-1a08
In base 15, what is 175 + bd3?
d58
In base 6, what is 5210 + -2155?
3011
In base 15, what is -bd - 22?
-e0
In base 8, what is -3714 - -242?
-3452
In base 4, what is -2133 - -222203?
220010
In base 4, what is -11 - 113232?
-113303
In base 14, what is 2 + 6d310?
6d312
In base 8, what is 0 + -27605?
-27605
In base 16, what is -5a8 - -2c?
-57c
In base 12, what is 4 + 65b40?
65b44
In base 14, what is 1570 - 114?
145a
In base 16, what is -1 - -66b?
66a
In base 7, what is 24214 - -2?
24216
In base 14, what is 14 - dd4?
-dc0
In base 7, what is -5 + 50346?
50341
In base 7, what is 200640 + -5?
200632
In base 16, what is -2 - acbc?
-acbe
In base 15, what is -1 + -418d?
-418e
In base 2, what is -1000 + 11011101101000?
11011101100000
In base 13, what is 5b - 699?
-63b
In base 8, what is 6721 - -5?
6726
In base 9, what is 5 - -10032?
10037
In base 7, what is 6025 - 1403?
4322
In base 14, what is aaa2 + 10?
aab2
In base 2, what is 11 + 1110111000110111?
1110111000111010
In base 8, what is 2 - -6430562?
6430564
In base 15, what is -5 + -3573e?
-35744
In base 14, what is 101 - 9da?
-8d9
In base 15, what is -26e - 40?
-2ae
In base 12, what is 40552 - 1?
40551
In base 13, what is -4 + 8982?
897b
In base 7, what is 1554 - -222?
2106
In base 14, what is 1a4ac + 3?
1a4b1
In base 6, what is -151201 - -3?
-151154
In base 10, what is 9 - 32143?
-32134
In base 4, what is -100001121 - 11?
-100001132
In base 7, what is 12 + -3433363?
-3433351
In base 13, what is -6192 + -36?
-61c8
In base 2, what is 101000110111100 - -10?
101000110111110
In base 12, what is 3b157 - 5?
3b152
In base 5, what is -24310 - -11?
-24244
In base 15, what is -d681 + 3?
-d67d
In base 3, what is -1 + 22202110?
22202102
In base 15, what is 2b + -c98?
-c6c
In base 16, what is 7 + 99df2?
99df9
In base 10, what is 4 - 22352?
-22348
In base 9, what is -523 + 80?
-433
In base 7, what is 23456 - 4?
23452
In base 6, what is 4241350 + -5?
4241341
In base 9, what is -16380 - 3?
-16383
In base 3, what is -2000 + 101120?
22120
In base 10, what is 4 + 53337?
53341
In base 14, what is -14ca + 5?
-14c5
In base 2, what is 100011000011010 + -1111100?
100010110011110
In base 6, what is 123210 - -2?
123212
In base 12, what is a6 + 45b?
545
In base 12, what is 61 + -7a?
-19
In base 8, what is 12 - 30723?
-30711
In base 13, what is -1844b - -2?
-18449
In base 10, what is 2 - -58302?
58304
In base 10, what is 613676 + 4?
613680
In base 2, what is 0 - -101111010011101001?
101111010011101001
In base 4, what is -100220232 - 11?
-100220303
In base 15, what is -77b9b - 4?
-77ba0
In base 6, what is -12201 + -210?
-12411
In base 15, what is 3 - -1c32?
1c35
In base 12, what is -7ba - -19?
-7a1
In base 5, what is -1 + 212000432?
212000431
In base 14, what is -d7 - -1dd8?
1d01
In base 5, what is -332 - -34?
-243
In base 16, what is f - 6a1?
-692
In base 6, what is 2541 + 54132?
101113
In base 9, what is -176 - 6603?
-6780
In base 1